 5*g - 3619. Let s = 1591 - g. What is the hundreds digit of s?
8
Let j be 4080/(-119) + (-4)/(-14). Let d = j - -354. What is the tens digit of d?
2
Let o(i) be the third derivative of 1/60*i**5 + 43/6*i**3 + 0*i - 6*i**2 - 2/3*i**4 + 0. What is the tens digit of o(21)?
4
Let n(f) = f**3 - 11*f**2 + 20*f - 9. Let x be n(9). Suppose -x*v = -6*v - 111. What is the units digit of v?
7
Suppose -5*k = 11*k + 7392. Let j = k - -478. What is the tens digit of j?
1
Let l(p) = -5*p**2 - 4*p - 14. Let r be l(7). Let j = -212 - r. What is the tens digit of j?
7
Let x = -5 - 27. Let y be (12*1)/((-36)/(6 - 18)). Let q = y - x. What is the tens digit of q?
3
Suppose 5*m - 3*a - 218 = 0, -m + 3*a + 16 + 18 = 0. Suppose -m*r + 27*r + 11058 = 0. What is the tens digit of r?
8
Let f be (10 + 0)*(32 + -68). What is the hundreds digit of ((-38)/(-5))/((132/f)/(-11))?
2
Let w be -5 + -5 + 0 + 5 + 19556. Suppose 41*a = w + 27107. What is the units digit of a?
8
Let l(t) = 4031*t + 733. What is the tens digit of l(10)?
4
Suppose 0 = 11*z - 14*z + 480. Let n be z + (-5 - (4 - 8)). Suppose -7*y + 4*y = -n. What is the tens digit of y?
5
Let k(f) = f**2 + 17*f + 18. Let l be k(-16). Let q = -152 - -154. Suppose -4*y + y - q*b + 143 = 0, -l*y + 77 = 5*b. What is the units digit of y?
1
Suppose 15*r + 27*r - 187572 = 0. What is the hundreds digit of r?
4
Suppose 57*y = 55*y + 212. Let u(s) = -s**3 - 2*s**2 + 6*s - 1. Let k be u(4). Let b = y + k. What is the tens digit of b?
3
Let u = -2042 + 2483. Let b be (-2 - 15/(-6))*-396. Let z = b + u. What is the hundreds digit of z?
2
Suppose -6 = w, i + 19*w - 659 = 23*w. What is the tens digit of i?
3
Let n be 10/4 - 3/(-6). Let z(g) = -29335*g + 2 + 29364*g - 1 - 1. What is the units digit of z(n)?
7
Suppose -3*p + 2*p = 0. Suppose -3*z - 57 + 69 = p. Suppose 2*s + 4*j - 56 = 0, z*s - j - j = 162. What is the tens digit of s?
3
Let t = 124 - -4. Let i = t - 126. Suppose -i*g + x + 23 = 0, -2*g + 41 = 3*g + 3*x. What is the units digit of g?
0
Let n(i) = 24935*i + 172. What is the hundreds digit of n(2)?
0
Let l be (324/(-30))/(9/(-30)). What is the tens digit of -1614*3*(-4)/l?
3
Suppose 27 = 3*h + 5*n, -5*n - 7 = -4*h - 2*n. Suppose -7880 = -h*r - 16*r. What is the hundreds digit of r?
3
Let l be (2*(-1)/4)/(2/(-20)). Suppose 190 = -l*y - a - 267, 4*y = 4*a - 356. What is the tens digit of 1/(1/(-3)) - y?
8
Let c(y) = 375*y - 204. What is the hundreds digit of c(13)?
6
Suppose -2*u - 159499 = -3*c, 20 = 10*u - 14*u. What is the ten thousands digit of c?
5
Let f = 3841 + 4529. What is the thousands digit of f?
8
Let w(x) = 12*x - 46. Suppose 3*b - 10 + 18 = -4*u, 45 = 5*b - 5*u. Let z be w(b). Let a(f) = 111*f - 2. What is the hundreds digit of a(z)?
2
Let g = -936 + 989. Suppose -g*v + 54124 - 594 = 0. What is the tens digit of v?
1
Let h(t) = 2*t**3 + 9*t**2 - 10*t - 23. Let v(p) = -3*p**3 - 7*p**2 + 10*p + 23. Let g(m) = -5*h(m) - 4*v(m). What is the hundreds digit of g(11)?
7
What is the units digit of (-7 + 1)*(-8)/(-16) + 23056?
3
Suppose -4855*u = -4845*u - 44880. What is the tens digit of u?
8
Let k = 19623 - 13698. What is the hundreds digit of k?
9
Suppose 0 = -3*l + 188 - 170. Let b(p) = 4*p**2 + 10*p - 27. Let h(i) = 4*i**2 + 9*i - 26. Let d(t) = -5*b(t) + 6*h(t). What is the tens digit of d(l)?
4
Let p(y) = y**3 + 136*y**2 + 21*y + 777. What is the thousands digit of p(-133)?
1
Suppose 2*j - 154 = 494. Suppose -4*r = -3*p + 4*p - j, 3*p - 993 = -5*r. What is the hundreds digit of p?
3
Let s(r) be the first derivative of -r**3/3 + 9*r**2 + 3*r - 105. What is the units digit of s(11)?
0
Suppose a + 4*r = 8, a - 2*a + 8 = -5*r. Let m = -260 - -645. Suppose a*n - n = m. What is the units digit of n?
5
Suppose 0 = -r + 4*r + 12, -4*r = 4*w - 1056. Let m = -27 + w. What is the hundreds digit of m?
2
Suppose 2*v - 3*s - 10 = 6, -2*v = s. What is the hundreds digit of ((-94)/((-6)/3))/(v/6)?
1
Let f be 5/(1/(-2)*(-26)/39). What is the hundreds digit of (186/f)/(2/20)?
1
Suppose 0 = 8*p - 17798 + 2942. Let n = -393 + p. What is the thousands digit of n?
1
What is the thousands digit of 1732 - 0*15/195?
1
Suppose 36*q = 40*q - 36. Suppose 0 = -q*p + 9729 + 441. What is the hundreds digit of p?
1
What is the thousands digit of 188174/10*2 - (-41)/3280*-64?
7
Let b(r) = 229*r**3 + 22*r**2 - 52*r + 229. What is the thousands digit of b(5)?
9
Let t(z) = -521*z - 42. Let x be t(2). Let p = -646 - x. What is the units digit of p?
8
Suppose -5*y + 0 = -5. Suppose -5*h - y + 11 = 0. Suppose n - 154 = -2*r - 31, h*n = 5*r + 273. What is the units digit of n?
9
Suppose -10*t + 7*t - 84 = 0. Suppose -4*h - 4 = 4, -3*i + 4*h + 32 = 0. What is the units digit of i/t - 44/(-7)?
6
Let v(o) = -2*o**2 - 41*o + 21. Let t be v(-21). What is the units digit of t - -2 - (-7 + 5 - 615)?
9
Suppose 2*k - 2*q = 7144, k + 2*k - q - 10722 = 0. Suppose 14*m - 9*m = k. What is the hundreds digit of m?
7
Let q(s) = 258*s + 997. What is the units digit of q(62)?
3
Let n(c) = 5*c**2 + 59*c + 995. What is the hundreds digit of n(-44)?
0
Let a(y) = -351*y - 1984. What is the tens digit of a(-49)?
1
What is the units digit of (8100/(-80))/(3/(-1428))?
5
Let k(t) = 13*t + 72. Let c(l) = l. Let q(n) = -4*c(n) - k(n). What is the hundreds digit of q(-17)?
2
Let v(d) = 1082*d - 1746. What is the hundreds digit of v(7)?
8
Suppose -2*l = x - 428, -l + 128 = 4*x - 72. Suppose -5*n = -3*t - 1568, n - 2*t = l + 99. Suppose -3*h + 119 = -n. What is the hundreds digit of h?
1
Suppose -57 - 164 = -17*d. What is the units digit of 1198*5/(-40)*(1 - d)?
7
Let x be 3/6*-4 + -16. Let p be -8 + ((-4)/(-6) - 24/x). What is the tens digit of p/1*(-4 + 0)?
2
Let o(y) = 28*y**2 + 78*y - 4. Let b be o(-3). Let u = -10 + 195. Suppose -b*w + 165 = -u. What is the tens digit of w?
2
Let s(v) = -v - 8. Let w be s(-6). Let h(p) be the first derivative of -17*p**2 + 2*p - 674. What is the tens digit of h(w)?
7
Let m = 7479 - -6124. What is the units digit of m?
3
Suppose 0 = -0*n + 2*n - 2*u + 124, n + 56 = -u. Let f = -78 - n. Let z(m) = -m**2 - 27*m - 43. What is the tens digit of z(f)?
0
Suppose 8*n + 381 = 21. Let o = -39 - n. Suppose o*r = 3*r + 3*i + 675, -25 = -5*i. What is the units digit of r?
0
Suppose -15372 = 371*q - 372*q - m, 4*q - 5*m - 61434 = 0. What is the ten thousands digit of q?
1
Let b = 127 + -133. Let r(x) = -3*x**3 + 2*x**2 + 25*x + 8. What is the units digit of r(b)?
8
Let c(v) = 4*v**2 + 11*v - 115. Suppose 23*l = 76*l + 848. What is the hundreds digit of c(l)?
7
Suppose 5*b + 5*u - 2*u + 95 = 0, -2*u = 0. Let l(z) = z**2 + 20*z + 24. Let m be l(b). Suppose -m*h + 75 = -1095. What is the hundreds digit of h?
2
Suppose -12 = 3*m, 4*m = -0*l + l - 143. Suppose -43*i - 145 = -48*i. Let j = l + i. What is the hundreds digit of j?
1
Let x = -206 + 208. Suppose -178 = -x*r + 1344. What is the units digit of r?
1
Suppose 4*h - 13421 = 5*b + 4522, 4*b = -12. Suppose -5*f = -10, 4*w = -3*f + 8*f + h. What is the thousands digit of w?
1
Let f be ((-36)/(-14))/((-14)/(-4214)). Let y = -594 + f. What is the tens digit of y?
8
Suppose n + 42 = -5*l, -9*n - 4*l - 88 = -5*n. Let h(f) = -f**3 - 17*f**2 - 27*f - 21. What is the units digit of h(n)?
8
Let i(h) = -2*h - 52 + 25 + 23 - 5*h + 16*h**2. What is the hundreds digit of i(3)?
1
Let z(r) = r - 26. Let y be z(26). Suppose 2*b - 4 - 10 = y. Suppose 500 = 11*g - b*g. What is the hundreds digit of g?
1
Let h(y) = y**3 + 45*y**2 + 17*y - 684. What is the ten thousands digit of h(-35)?
1
Let z be (1*(-6)/1 - -1) + 27. What is the tens digit of (-4402)/(-11) - z/121?
0
Let o(w) = 8*w**3 + 6*w**2 + 3*w. Let b be o(-2). Let j = 10 - b. What is the units digit of j?
6
Let q(j) = 9*j**2 - 31*j + 148. What is the units digit of q(16)?
6
Let p(h) be the second derivative of h**4/12 + 4*h**3/3 + 2*h**2 - 7*h. Let v be p(-13). Let b = 135 - v. What is the units digit of b?
6
Let w(c) = 8*c**2 + c + 1. Let a be w(-1). Let s = a - 14. What is the units digit of ((50/s)/5)/((-4)/168)?
0
Suppose 0 = -30*t + 1619 + 16831. Let h = -210 + t. What is the hundreds digit of h?
4
Suppose -2*h + 6*h + 118 = -2*t, 3*h + 3*t = -93. Let j(i) = -i - 28. Let v be j(h). Suppose 3*z + 5*z - 1120 = v. What is the units digit of z?
0
What is the t